*i**3 - 4*i**2 + 5*i + 4. Let w(m) = m**3 + m**2 - m - 1. Let f(x) = -2*d(x) - 9*w(x). Determine f(-2).
7
Suppose 3*u + 9 = 0, -6 = -4*g - 2*u + 4*u. Let t = g + 2. Let v(f) = -4*f**2 + f + 2. Give v(t).
-12
Let z be 29/(-9) + (-4)/(-18). Let g(j) be the first derivative of 1/3*j**3 + 1/2*j**2 + 7 - j. Give g(z).
5
Let h(z) = z**3 - 6*z**2 + 3*z + 6. Suppose 0 = -2*y + 3*y - 5. Give h(y).
-4
Let k(j) be the second derivative of 5*j**2 + 0 - 1/12*j**4 - 6*j - j**3. What is k(-7)?
3
Let o(i) = -2*i**2 + 5*i + 4. Suppose 27 = 3*z + 9. Suppose 4*w = -8, 3*m - 3*w - 18 = -z. Let f be (1 + m)/(3/4). Determine o(f).
-8
Suppose -z + 4*i = -21, 25 = -0*i - 5*i. Let u(h) = -7*h**2 + h - 1. Give u(z).
-7
Let s be 2/(((-20)/6)/(-5)). Let r(d) = d**2 + d**3 + d**3 + 0*d**s - 2*d**2. Calculate r(2).
12
Let d(a) = -2*a + 2. Let r be d(2). Let g(c) = 3*c**3 - 7*c**2 + 3*c + 4. Let x(q) = q**3 - q**2. Let n(u) = r*x(u) + g(u). Calculate n(4).
0
Let g be (-2)/(-10) + 99/(-45). Let z(i) be the first derivative of i + 0*i**2 - 2*i**2 - 1 - 2*i. What is z(g)?
7
Let y = 7 - 12. Let p(k) = k**2 + 3*k - 5. Let q be p(y). Let i(u) = -u + 12. What is i(q)?
7
Let z = 15 + -15. Let v(f) be the third derivative of 0 - 1/3*f**3 - 2*f**2 + 1/24*f**4 + 0*f. Calculate v(z).
-2
Let i(y) = -y - 7. Let v = 30 - 38. Determine i(v).
1
Suppose -v - a - 16 = -5*a, 3*a = -v + 12. Let c(o) = 4*o + o**2 - 2 - o**3 + 2*o**2 + v*o + 0*o**2. What is c(4)?
-2
Let a(k) = -k**2 - 7*k + 3 - 4 + 9. What is a(-7)?
8
Let h(o) = -4*o**2 + 22*o - 10. Let v(w) = -w**2 + 7*w - 3. Let z(b) = -2*h(b) + 7*v(b). Suppose 0 = 2*q + 3*q + 30. Calculate z(q).
5
Let j(y) = 2*y**2 - 6*y + 3. Let l(b) = -3*b**2 + 6*b - 3. Let o(q) = -4*j(q) - 3*l(q). Let c = -9 - -3. What is o(c)?
-3
Let r(i) = 7*i**2 - 110 - 12*i**2 + 62 - i**3 + 7*i + 55. Suppose 3*s + s - 36 = 0. Suppose 4*t + s = -15. Calculate r(t).
1
Let i be -6*(-2 + (-3)/(-2)). Let x(b) = -5*b. Let d(c) = -c. Let l(t) = 6*d(t) - x(t). Determine l(i).
-3
Let m be 9/((-9)/(-2)) + -6. Let a be -14*m*(-2)/16. Let q(u) = -u**3 - 6*u**2 + 7*u - 2. Determine q(a).
-2
Let g(p) be the first derivative of -p**2 - 3*p - 6 + 1/3*p**3. Suppose -2*y - 2 = 3*a - 1, -3*a + 1 = y. Calculate g(y).
5
Let o(b) = 2*b**3 - b**2 + b - 1. Suppose -4*q + 24 = 4*p, 0*p = 4*p + q - 12. Suppose -4 = -p*y - 2. What is o(y)?
1
Suppose -6*r = -h - 4*r - 2, -5*h - 3*r - 10 = 0. Let s(x) be the third derivative of x**5/30 + x**3/6 + 4*x**2. What is s(h)?
9
Suppose 0 = -2*i - 1 - 3. Let b(p) = 2*p**3 + 1. Let j(o) = o**3 - o**2 + o + 2. Let l(v) = i*b(v) + 3*j(v). Let u be 6/4*(1 + -3). What is l(u)?
-5
Let i(k) = k - 1. Let c be -3 + (1 - -1) + -2. Let l be i(c). Let v(x) = -2*x**3 - x**2 + 1. Let n(t) = t**3 + t**2. Let u(s) = 7*n(s) + 3*v(s). Calculate u(l).
3
Let g(s) = 39 + 2*s + 49 - 88. Suppose -4*l - 19 = 5*u, -7 = l + 3*u + 3. Give g(l).
-2
Suppose -9*u + 8*u - 7 = 0. Let h(a) = a**3 - 6 + 2*a - 4*a**2 + 6*a**2 + 5*a**2 - 3*a. What is h(u)?
1
Let y(s) = s**3 + 3*s**2 - 2*s - 3. Let r(c) = c**2 - 1. Let j(f) = 2*r(f) - y(f). What is j(-1)?
-1
Suppose 5*o = 25, -3*o = -3*z - 3 - 3. Let f be 3/z + (-6)/(-3). Let q(h) be the third derivative of h**4/8 - h**3/3 - 3*h**2. Calculate q(f).
7
Let m(g) = g. Let r be m(1). Let x = -6 + r. Let p(b) = 5*b**2 - b + 1. Let v(t) = 11*t**2 - t + 3. Let a(o) = 13*p(o) - 6*v(o). What is a(x)?
5
Let s(k) = 10*k + 13. Let h(c) = -7*c - 9. Let y(w) = 7*h(w) + 5*s(w). Give y(-3).
-1
Let g be 1*(-3 - -4) + -2 + 5. Let j(b) = -b**3 + 4*b**2 - 5*b - 4. What is j(g)?
-24
Let n(l) = -l**3 - 4*l**2 + 5*l - 1. Suppose 5*c = 2*c - 45. Let g = -22 - c. Let q(s) = s**3 + 7*s**2 - 5. Let m be q(g). What is n(m)?
-1
Suppose 3*u = -3*o, -o + 5*u - 21 = o. Let q = o - -1. Let a(y) = 4*y**2 + 3*y - 4. Let k(w) = -7*w**2 - 5*w + 7. Let c(g) = -5*a(g) - 3*k(g). Calculate c(q).
3
Let u(h) = 7*h. Let x(c) = 14*c - 1. Let v(i) = -5*u(i) + 3*x(i). Calculate v(2).
11
Suppose -3*q = -3*v + 39, -5*v + 4*q = 2*q - 50. Let s = 6 - v. Let a(z) = 3*z + 1. What is a(s)?
-5
Let n(f) = -f + 4. Let w be n(0). Let t(o) = o**3 - 5*o**2 + 3*o + 5. Determine t(w).
1
Let g(a) = 4*a - 3. Let n(j) = -3*j + 3. Let w(f) = -4*g(f) - 5*n(f). Give w(0).
-3
Let x(v) be the second derivative of v**3/6 - 3*v**2 - 6*v. Give x(6).
0
Let z(x) = -x**2 - x - 3. Let t(v) = v**3 - 13*v**2 - 13*v - 17. Suppose 4*l = 3*l + 14. Let q be t(l). Determine z(q).
-9
Let x(w) = -2 - w**2 - 6*w + 1 + 0*w**2 + 2. Suppose 2*j = i + 1, 4*i = -0*i - 5*j - 30. Calculate x(i).
6
Let p = 5 - 7. Let r(i) = -3*i - 3. Let u be r(-2). Let s(g) = -14*g**2 + 2 + g**u + 14*g**2. Determine s(p).
-6
Let n(d) = -5 - 3*d**3 + 4*d**3 + 4*d - d**3 + 6*d**2 + d**3. Calculate n(-4).
11
Let t(h) be the third derivative of -h**4/24 - 5*h**3/6 - 18*h**2. What is t(-6)?
1
Let r(h) = 2*h - 1. Let g(y) = -2*y + 2. Let f(k) = 6*g(k) + 5*r(k). Calculate f(-6).
19
Let o(a) = 3*a - 5 + a**3 + 11 + 4*a**2 - 5. Let s be (-6 - 1) + (-7 - -6). Let n = 5 + s. Calculate o(n).
1
Suppose -5*a - 16 = -4*g + 6, 5*g - a = 17. Let j(c) = 2 + 12*c - 19*c + 0*c**g - c**3 + 6*c**2. What is j(5)?
-8
Let f(x) = -x + 8. Let b = -4 + 8. Suppose r + y = 1, b*y = -r - 5 - 3. Let j be ((0 - -2) + r)*1. Give f(j).
2
Let x = 8 - 15. Suppose -5*c = 13 - 48. Let h = c + x. Let f(y) = -y**2 - y + 2. Determine f(h).
2
Let w(v) = 4*v + 3. Let o(q) = -17*q - 12. Let u(h) = 2*o(h) + 9*w(h). Suppose -5*n + 10 = -4*f, 6*f - f = -n + 31. Let r be n/9*(-2 + -1). Calculate u(r).
-1
Suppose -3*j = 2*j + 3*c, -j = -2*c - 13. Let n(v) = -v**3 + v**2 + 3*v + 1. Determine n(j).
-8
Let t(v) = 4*v**2 + 7 - 2*v**3 + 8*v - 3*v + 3*v**3 - 2*v**3. Give t(5).
7
Let b(a) = 7 + 9*a**2 - 3*a**2 + 0*a**2 + a**3 + 3*a. Calculate b(-5).
17
Let w(y) = -5*y**2 + 2*y - 2. Let n(g) = 11*g**2 - 5*g + 4. Let j = -29 + 16. Let q(p) = j*w(p) - 6*n(p). Determine q(3).
5
Let c = -4 + 4. Let a(k) = -k**3 - k**2 - k + 6. What is a(c)?
6
Let v(r) = 0 + 5*r + 3 - 2. Determine v(-2).
-9
Let s(h) = 4 + h + 0*h - 1 - 1. Determine s(0).
2
Let t(f) = -f + 6. Suppose 0 = -2*c + 6 + 4. Give t(c).
1
Let g(t) be the first derivative of -t**2 - 2*t + 20. Determine g(-6).
10
Let f(r) be the first derivative of -r**3/3 + 7*r**2/2 + 2*r - 24. Give f(6).
8
Let f(z) = -7*z**2 - 2*z + 3. Let t(r) = r**2 + 1. Let g(y) = f(y) - 4*t(y). Calculate g(-1).
-10
Let b(q) be the third derivative of -q**4/12 - q**3/3 + q**2. Suppose -p + 4 = -w, -5*w - 5*p - 12 = -2*w. What is b(w)?
6
Let m(y) = -y - 6. Let p be m(-5). Let q be p + -1 + (1 - -4). Let c(s) = -q + 2*s**2 - s**2 + 1. Determine c(0).
-2
Let k(o) = -o**2 - 5*o - 3. Let n be (1*3)/((-12)/(-8)). Suppose 0 = -5*t + 5, n*q = -3*q - 2*t + 102. Suppose -5 = -5*w - q. What is k(w)?
3
Let i(c) be the first derivative of -c**4/12 - c**3/6 - 3*c**2 - 3*c - 4. Let n(m) be the first derivative of i(m). Determine n(0).
-6
Let s(u) = -u**2 - u. Let w(o) = 3*o**2 + 12*o - 4. Suppose -3 = -3*b - 0*b. Suppose 3*r + 2 + b = 0. Let h(t) = r*w(t) - 5*s(t). Give h(4).
8
Let g(b) = -4*b**2. Let s be g(-1). Let u(q) = -5*q**2 - 4*q + 9. Let a(l) = 4*l**2 + 4*l - 8. Let o(y) = -4*a(y) - 3*u(y). Calculate o(s).
5
Let q(p) be the second derivative of -p**5/30 - p**4/24 + 5*p**2/2 - 5*p. Let y(z) be the first derivative of q(z). What is y(2)?
-10
Let j = 25 + -21. Suppose -z - 2 = -3*s, s - 31 = -j*z - 0*s. Let r(t) = t**3 - 6*t**2 - 8*t + 2. Calculate r(z).
-5
Let c(u) be the first derivative of -u**4/4 - 5*u**3/3 - u**2 + 3*u + 1. Let f = 29 + -18. Let r = 7 - f. Calculate c(r).
-5
Suppose 21 - 3 = 6*j. Let d(k) = 4*k - 4. Determine d(j).
8
Let z(f) = -13*f**3 + 5*f**2 - 8. Let y(t) = 3*t**3 - t**2 + 2. Let r(i) = -9*y(i) - 2*z(i). What is r(0)?
-2
Let b(v) = 1 - 2*v**2 - 3*v**2 - 6*v + 4*v**2. Give b(-5).
6
Let b = 126 + -132. Let o(h) = 4*h**3 + 3*h**2 + 2*h + 1. Let d(w) = -3*w**3 - 4*w**2 - w - 2. Let t(y) = -3*d(y) - 2*o(y). What is t(b)?
10
Let r be (-22)/(-4) + (-1)/2. Let g(x) = 3*x**3 + 10*x + 5*x**2 - 4*x**3 - 3 - 9*x. Let i be g(r). Let t(j) = -j**3 + 3*j**2 + 3*j - 1. Determine t(i).
9
Let j(o) be the second derivative of o**5/20 - 5*o**4/12 + o**3/6 - 5*o**2/2 - o. Suppose 2*m + 3*q = 4*m - 16, -9 = -3*m - 3*q. Calculate j(m).
0
Let c(p) = p**2 + 6. Suppose 0*z + 3*z = -2*z. Calcu